multiple of 6?
False
Does 19 divide 38?
True
Does 8 divide 319?
False
Is 6 a factor of 3666?
True
Does 26 divide 1092?
True
Does 18 divide 504?
True
Is 6744 a multiple of 24?
True
Is 3 a factor of 102?
True
Does 217 divide 47554?
False
Is 6 even?
True
Is 3520 a multiple of 13?
False
Is 2067 a multiple of 39?
True
Does 24 divide 2664?
True
Is 440 a multiple of 22?
True
Is 17 a factor of 112?
False
Is 11 a factor of 33?
True
Does 20 divide 392?
False
Is 447 a multiple of 14?
False
Is 12 a factor of 20035?
False
Is 7 a factor of 163?
False
Is 16 a factor of 3600?
True
Does 47 divide 5301?
False
Does 117 divide 5382?
True
Does 81 divide 810?
True
Is 29 a factor of 6960?
True
Is 2197 a multiple of 55?
False
Is 4019 a multiple of 47?
False
Does 44 divide 401?
False
Does 133 divide 17212?
False
Is 1782 a multiple of 22?
True
Is 7 a factor of 61166?
True
Does 27 divide 30231?
False
Is 60 a factor of 3213?
False
Is 1760 a multiple of 16?
True
Is 38 a factor of 62318?
False
Is 11 a factor of 2116?
False
Is 8152 a multiple of 31?
False
Does 56 divide 672?
True
Is 23714 a multiple of 71?
True
Is 19 a factor of 535?
False
Is 24 a factor of 12951?
False
Is 5859 a multiple of 13?
False
Is 149 a factor of 11175?
True
Does 26 divide 1679?
False
Does 20 divide 13100?
True
Does 4 divide 5448?
True
Is 6 a factor of 17832?
True
Is 129 even?
False
Does 18 divide 7243?
False
Is 6 a factor of 2883?
False
Is 71 a factor of 1704?
True
Is 2 a factor of 406?
True
Does 4 divide 2256?
True
Is 23289 a multiple of 21?
True
Is 103 a factor of 28678?
False
Is 35721 a multiple of 191?
False
Is 10 a factor of 50702?
False
Is 1156 a multiple of 4?
True
Is 920 a multiple of 46?
True
Is 420 a multiple of 30?
True
Is 77 a factor of 693?
True
Does 11 divide 3575?
True
Is 475 a multiple of 25?
True
Does 4 divide 1076?
True
Is 98 a factor of 9898?
True
Does 40 divide 8024?
False
Does 15 divide 2044?
False
Is 2461 a multiple of 107?
True
Is 298 a multiple of 3?
False
Is 13 a factor of 494?
True
Is 186 a multiple of 3?
True
Is 1454 a multiple of 5?
False
Is 596 a multiple of 5?
False
Does 41 divide 405?
False
Is 14 a factor of 5585?
False
Does 4 divide 64?
True
Does 48 divide 12624?
True
Is 41 a factor of 3150?
False
Is 29 a factor of 1305?
True
Is 37010 a multiple of 5?
True
Is 292 a factor of 9596?
False
Is 20 a factor of 1400?
True
Does 17 divide 3789?
False
Is 3 a factor of 230?
False
Does 283 divide 197817?
True
Is 33 a factor of 2446?
False
Is 541 a multiple of 4?
False
Does 62 divide 7750?
True
Is 10 a factor of 1520?
True
Is 10 a factor of 1230?
True
Does 39 divide 638?
False
Is 491 a multiple of 2?
False
Does 3 divide 1060?
False
Is 3 a factor of 89?
False
Is 360 a multiple of 6?
True
Does 3 divide 1310?
False
Is 140 a factor of 5600?
True
Does 32 divide 2016?
True
Is 157 even?
False
Does 83 divide 6512?
False
Is 21824 a multiple of 31?
True
Does 18 divide 342?
True
Does 30 divide 120?
True
Does 34 divide 5571?
False
Is 4 a factor of 900?
True
Is 29 a factor of 511?
False
Is 6410 a multiple of 97?
False
Is 67000 a multiple of 200?
True
Is 355 a multiple of 10?
False
Is 52 a factor of 1371?
False
Is 74 a factor of 8214?
True
Is 5 a factor of 300?
True
Is 4 a factor of 5850?
False
Is 43 a factor of 71079?
True
Does 32 divide 2764?
False
Does 29 divide 986?
True
Does 2 divide 1637?
False
Is 7 a factor of 2079?
True
Does 10 divide 707?
False
Is 281 a factor of 46365?
True
Does 54 divide 22626?
True
Is 6 a factor of 2454?
True
Is 447 a multiple of 5?
False
Is 96 a factor of 15502?
False
Does 22 divide 12299?
False
Is 253 a multiple of 7?
False
Is 87 a multiple of 2?
False
Is 5546 a multiple of 59?
True
Does 75 divide 271?
False
Does 10 divide 300?
True
Does 16 divide 43190?
False
Does 62 divide 5146?
True
Is 5546 a multiple of 21?
False
Does 38 divide 30093?
False
Is 24 a factor of 552?
True
Is 37 even?
False
Is 893 a multiple of 6?
False
Does 15 divide 5580?
True
Is 10213 a multiple of 193?
False
Does 23 divide 2369?
True
Is 83 a factor of 4085?
False
Is 9 a factor of 1332?
True
Is 714 a multiple of 51?
True
Is 556 a factor of 63600?
False
Does 76 divide 6536?
True
Is 175 a factor of 3949?
False
Is 3192 a multiple of 18?
False
Is 21 a factor of 5852?
False
Is 8 a factor of 384?
True
Is 9680 a multiple of 5?
True
Is 14799 a multiple of 168?
False
Is 93 a factor of 837?
True
Is 13357 a multiple of 19?
True
Is 13103 a multiple of 95?
False
Is 13 a factor of 61516?
True
Is 466 a multiple of 11?
False
Does 56 divide 448?
True
Is 7885 a multiple of 19?
True
Is 31 a factor of 11483?
False
Is 37 a factor of 304?
False
Is 35 a multiple of 5?
True
Does 32 divide 480?
True
Does 84 divide 8316?
True
Does 21 divide 9166?
False
Is 53210 a multiple of 170?
True
Does 61 divide 36047?
False
Is 1302 a multiple of 21?
True
Is 22 a factor of 2156?
True
Is 651 a multiple of 7?
True
Is 10415 a multiple of 36?
False
Does 10 divide 502?
False
Is 38 a multiple of 19?
True
Is 55 a factor of 16280?
True
Is 10890 a multiple of 3?
True
Is 1360 a multiple of 85?
True
Does 18 divide 35586?
True
Is 591 a multiple of 25?
False
Does 21 divide 30282?
True
Is 100 a factor of 6832?
False
Does 8 divide 640?
True
Is 136 a factor of 1768?
True
Is 18 a factor of 4683?
False
Does 11 divide 39364?
False
Does 16 divide 128?
True
Does 105 divide 2100?
True
Is 736 a multiple of 46?
True
Does 26 divide 1638?
True
Is 28 a factor of 4984?
True
Is 61 a factor of 16348?
True
Does 10 divide 349?
False
Is 82 a factor of 1255?
False
Does 30 divide 780?
True
Is 25 a factor of 44342?
False
Does 143 divide 32318?
True
Is 13 a factor of 3250?
True
Is 6363 even?
False
Does 2 divide 212?
True
Does 17 divide 1015?
False
Is 288 a multiple of 12?
True
Does 4 divide 1353?
False
Is 5 a factor of 365?
True
Is 114 a multiple of 11?
False
Does 4 divide 10370?
False
Does 33 divide 3960?
True
Is 49 a factor of 385?
False
Does 13 divide 328?
False
Is 43 a factor of 509?
False
Is 155 a multiple of 31?
True
Does 47 divide 88795?
False
Does 21 divide 685?
False
Is 15 a factor of 2089?
False
Is 8 a factor of 268?
False
Is 37 a factor of 28305?
True
Does 81 divide 34948?
False
Is 179 a factor of 13604?
True
Does 42 divide 1050?
True
Does 7 divide 1449?
True
Does 51 divide 37710?
False
Is 8 a factor of 45?
False
Is 31 a factor of 2077?
True
Is 79 a factor of 6715?
True
Is 20 a factor of 18660?
True
Does 8 divide 1525?
False
Is 19 a factor of 513?
True
Does 36 divide 936?
True
Is 901 a multiple of 16?
False
Is 21 even?
False
Does 9 divide 108?
True
Is 636 a multiple of 109?
False
Is 1405 a multiple of 5?
True
Does 9 divide 19608?
False
Is 575 a multiple of 25?
True
Is 11 a factor of 1672?
True
Is 5184 a multiple of 13?
False
Is 51912 a multiple of 12?
True
Is 6 a factor of 742?
False
Is 20 a factor of 271?
False
Is 20 a factor of 2984?
False
Does 102 divide 8225?
False
Does 7 divide 91?
True
Does 65 divide 44200?
True
Is 45738 a multiple of 126?
True
Does 36 divide 504?
True
Is 23 a factor of 2898?
True
Does 6 divide 120?
True
Does 32 divide 25583?
False
Is 17173 a multiple of 9?
False
Does 7 divide 10248?
True
Is 682 a multiple of 22?
True
Is 6612 a multiple of 57?
True
Does 23 divide 93449?
True
Does 66 divide 7960?
False
Does 123 divide 325?
False
Is 22 a factor of 53240?
True
Is 1646 a multiple of 12?
False
Is 335 a factor of 53265?
True
Is 1272 a multiple of 24?
True
Is 9 a factor of 216?
True
Is 22 a factor of 7840?
False
Is 11 a factor of 1048?
False
Is 6 a factor of 2840?
False
Does 99 divide 342?
False
Does 148 divide 26788?
True
Is 4 a factor of 1264?
True
Is 29 a factor of 4089?
True
Does 66 divide 1173?
False
Is 13 a factor of 4563?
True
Is 1698 a multiple of 17?
False
Is 4428 a multiple of 12?
True
Is 296 even?
True
Is 6873 a multiple of 29?
True
Does 15 divide 20238?
False
Is 14 a factor of 14882?
True
Is 392 a multiple of 15?
False
Is 72 a factor of 32219?
False
Is 4 a factor of 730?
False
Does 26 divide 2444?
True
Does 71 divide 3408?
True
Is 11236 a multiple of 311?
False
Is 62798 a multiple of 17?
True
Is 3 a factor of 240?
True
Does 7 divide 1939?
True
Is 23864 a multiple of 157?
True
Is 6664 a multiple of 17?
True
Does 5 divide 18?
False
Is 12 a factor of 360?
True
Is 21491 a multiple of 240?
False
Is 32 a factor of 715?
False
Does 69